{"id":256,"date":"2015-02-09T14:43:49","date_gmt":"2015-02-09T14:43:49","guid":{"rendered":"http:\/\/fcnettetal.com\/?page_id=256"},"modified":"2015-02-16T08:45:13","modified_gmt":"2015-02-16T08:45:13","slug":"weihnachtsfeier-senioren","status":"publish","type":"page","link":"https:\/\/fcnettetal.com\/?page_id=256","title":{"rendered":"Weihnachtssportfest 2015 &#8211; Senioren"},"content":{"rendered":"<p>Einladung zum Weihnachtssportfest unserer Senioren<\/p>\n<p>Liebe Mitglieder des Futsal Club Nettetal e.V,<br \/>\nliebe Sportsfreunde und Sponsoren,<\/p>\n<p class=\"cards-entity-title cards-strong cards-text-truncate-and-wrap\">am 12.12.2015 von 20:00-02:00 Uhr findet unser 2. Weihnachtssportfest unserer Senioren im<\/p>\n<p>Jugendzentrum Arche<br \/>\nAn St. Sebastian 37<br \/>\n41334 Nettetal<\/p>\n<p>statt.<\/p>\n<p>Dazu sind alle Mitglieder der Seniorenabteilung des Vereins herzlichst eingeladen.<\/p>\n<p><span style=\"color: #0000ff;\"><strong>Was?\u00a0\u00a0\u00a0\u00a0\u00a0\u00a0\u00a0 3. Weihnachtssportfest<br \/>\nWann?\u00a0\u00a0\u00a0\u00a0 Samstag, den 12. Dezember 2015 \u2013 20:00-02:00 Uhr.<br \/>\nWo?\u00a0\u00a0\u00a0\u00a0\u00a0\u00a0\u00a0\u00a0\u00a0\u00a0 <a href=\"https:\/\/www.google.de\/maps\/place\/An+St.+Sebastian+37,+41334+Nettetal\/@51.3081112,6.2733942,293m\/data=!3m1!1e3!4m2!3m1!1s0x47c7571ef3cafd83:0xdd522dfabeaa8e22\" target=\"_blank\">Jugendzentrum Arche &lt;&lt;&lt;&lt; bitte klicken<\/a><\/strong><\/span><\/p>\n<p>F\u00fcr das Weihnachtssportfest wird f\u00fcr die Teilnahme der Senioren ein Pauschalbeitrag von 10,00 Euro erhoben, f\u00fcr Ehepartner, Lebensgef\u00e4hrtin zus\u00e4tzlich 5,00 Euro, so dass der max. Familienbeitrag 15,00 Euro betr\u00e4gt.<\/p>\n<p>F\u00fcr jede weitere beliebige Person, welche nicht dem Verein angegliedert ist , wird ein Betrag von 20,00 Euro erhoben.<\/p>\n<p>Wir bitten um R\u00fcckmeldung und Bezahlung des Pauschalsbetrages f\u00fcr die Teilnahme am Weihnachtssportfest bis sp\u00e4testens 04. Dezember 2015, da wir f\u00fcr die Menge des Einkaufs planen m\u00fcssen.<\/p>\n<p>Mit sportlichen Gr\u00fc\u00dfen,<\/p>\n<p>der gesch\u00e4ftsf\u00fchrende Vorstand des Futsal Club Nettetal e. V.<\/p>\n<p>Heiko &amp; Thomas Vernholz<\/p>\n","protected":false},"excerpt":{"rendered":"<p>Einladung zum Weihnachtssportfest unserer Senioren Liebe Mitglieder des Futsal Club Nettetal e.V, liebe Sportsfreunde und Sponsoren, am 12.12.2015 von 20:00-02:00 Uhr findet unser 2. Weihnachtssportfest unserer Senioren im Jugendzentrum Arche An St. Sebastian 37 41334 Nettetal statt. Dazu sind alle Mitglieder der Seniorenabteilung des Vereins herzlichst eingeladen. Was?\u00a0\u00a0\u00a0\u00a0\u00a0\u00a0\u00a0 3. Weihnachtssportfest Wann?\u00a0\u00a0\u00a0\u00a0 Samstag, den 12. Dezember &hellip; <a href=\"https:\/\/fcnettetal.com\/?page_id=256\" class=\"more-link\"><span class=\"screen-reader-text\">Weihnachtssportfest 2015 &#8211; Senioren<\/span> weiterlesen <span class=\"meta-nav\">&rarr;<\/span><\/a><\/p>\n","protected":false},"author":2,"featured_media":0,"parent":232,"menu_order":3,"comment_status":"closed","ping_status":"closed","template":"","meta":{"footnotes":""},"class_list":["post-256","page","type-page","status-publish","hentry"],"_links":{"self":[{"href":"https:\/\/fcnettetal.com\/index.php?rest_route=\/wp\/v2\/pages\/256","targetHints":{"allow":["GET"]}}],"collection":[{"href":"https:\/\/fcnettetal.com\/index.php?rest_route=\/wp\/v2\/pages"}],"about":[{"href":"https:\/\/fcnettetal.com\/index.php?rest_route=\/wp\/v2\/types\/page"}],"author":[{"embeddable":true,"href":"https:\/\/fcnettetal.com\/index.php?rest_route=\/wp\/v2\/users\/2"}],"replies":[{"embeddable":true,"href":"https:\/\/fcnettetal.com\/index.php?rest_route=%2Fwp%2Fv2%2Fcomments&post=256"}],"version-history":[{"count":0,"href":"https:\/\/fcnettetal.com\/index.php?rest_route=\/wp\/v2\/pages\/256\/revisions"}],"up":[{"embeddable":true,"href":"https:\/\/fcnettetal.com\/index.php?rest_route=\/wp\/v2\/pages\/232"}],"wp:attachment":[{"href":"https:\/\/fcnettetal.com\/index.php?rest_route=%2Fwp%2Fv2%2Fmedia&parent=256"}],"curies":[{"name":"wp","href":"https:\/\/api.w.org\/{rel}","templated":true}]}}

<p>Einladung zum Weihnachtssportfest unserer Senioren</p>
<p>Liebe Mitglieder des Futsal Club Nettetal e.V,<br />
liebe Sportsfreunde und Sponsoren,</p>
<p class="cards-entity-title cards-strong cards-text-truncate-and-wrap">am 12.12.2015 von 20:00-02:00 Uhr findet unser 2. Weihnachtssportfest unserer Senioren im</p>
<p>Jugendzentrum Arche<br />
An St. Sebastian 37<br />
41334 Nettetal</p>
<p>statt.</p>
<p>Dazu sind alle Mitglieder der Seniorenabteilung des Vereins herzlichst eingeladen.</p>
<p><span style="color: #0000ff;"><strong>Was?        3. Weihnachtssportfest<br />
Wann?     Samstag, den 12. Dezember 2015 – 20:00-02:00 Uhr.<br />
Wo?           <a href="https://www.google.de/maps/place/An+St.+Sebastian+37,+41334+Nettetal/@51.3081112,6.2733942,293m/data=!3m1!1e3!4m2!3m1!1s0x47c7571ef3cafd83:0xdd522dfabeaa8e22" target="_blank">Jugendzentrum Arche &lt;&lt;&lt;&lt; bitte klicken</a></strong></span></p>
<p>Für das Weihnachtssportfest wird für die Teilnahme der Senioren ein Pauschalbeitrag von 10,00 Euro erhoben, für Ehepartner, Lebensgefährtin zusätzlich 5,00 Euro, so dass der max. Familienbeitrag 15,00 Euro beträgt.</p>
<p>Für jede weitere beliebige Person, welche nicht dem Verein angegliedert ist , wird ein Betrag von 20,00 Euro erhoben.</p>
<p>Wir bitten um Rückmeldung und Bezahlung des Pauschalsbetrages für die Teilnahme am Weihnachtssportfest bis spätestens 04. Dezember 2015, da wir für die Menge des Einkaufs planen müssen.</p>
<p>Mit sportlichen Grüßen,</p>
<p>der geschäftsführende Vorstand des Futsal Club Nettetal e. V.</p>
<p>Heiko &amp; Thomas Vernholz</p>
